x) = -8*x + 3. Let d be (128/(-8) + -44)*(0 - 1). Let o be 30/12*d/(-50). Give m(o).
27
Let m(p) = 6*p - 5*p - 18 + 12 + 4 + 10. Suppose -2*x = 3*x + 35. Determine m(x).
1
Let s(t) = 25*t - 5. Let j(h) = -5*h + 1. Let x(f) = 11*j(f) + 2*s(f). Let b = -565 - -576. Suppose 0 = b*m - 16*m - k, m + k = -4. Determine x(m).
-4
Let w(u) be the first derivative of -1/2*u**2 + 33 + 2*u + 1/3*u**3. Give w(-3).
14
Let j = 1 + -2. Let z = -343 + 364. Let x(o) = z*o**2 + 3*o + 8 - 2*o - 7 - 6*o**2. Determine x(j).
15
Let c(p) be the third derivative of p**4/8 - 5*p**3/3 + 18*p**2 + 10*p. Give c(7).
11
Let o(t) be the second derivative of -t**4/12 + t**3 - t**2 + t. Let u = -26 + -4. Let f(g) = -2*g**2 - 57*g + 97. Let q be f(u). Determine o(q).
-9
Let f(m) = m + 6*m**2 - 5*m**2 + 5 + 4. Let a be f(0). Let u(o) = -9*o + 5*o - 2*o + o**2 + 9 - 2*o - o. Calculate u(a).
9
Let o(u) = 15*u - 3. Let p(f) = -4*f + 5. Let a(k) = 7*k - 11. Let q(z) = -3*a(z) - 7*p(z). Let v = -3078 - -3073. Let y(b) = v*q(b) + 3*o(b). Calculate y(-1).
-9
Let j(n) = -41*n**2 + 8*n**3 - 38*n**2 - 9*n**3 + 84*n**2. Calculate j(3).
18
Let d(f) = 34607*f - 69203*f + 2 - 4 + 34599*f. Calculate d(-9).
-29
Suppose 12*f - 9*f - 6*m = 9, -12 = -4*f + m. Let t(v) = -4*v + 9. What is t(f)?
-3
Let m(v) = -2*v**3 + 33*v**2 - 69*v - 29. Let k be m(14). Let d(g) = 2*g + 23. Calculate d(k).
-7
Let g be 1230/(-328) - 105/(-28). Let y(i) be the first derivative of i**3/3 + i**2/2 - 7*i + 1. What is y(g)?
-7
Let b = 590 - 534. Let w be 3*(10 + b/(-7)). Let l(d) = -7*d + 44. Give l(w).
2
Let h(f) be the third derivative of -f**4/24 + 2*f**3/3 - f**2. Let r(s) = 4*s**3 - 2*s**2 - 3*s - 7. Let a be r(4). Let p = a + -197. Give h(p).
-4
Let g(q) = 36 + q + 13 + 4*q - 3*q. Suppose -2*i + 90 = -4*v, -1898*v + 111 = -1903*v + i. What is g(v)?
5
Let g be 10/(-8)*(-1012)/230*(-2 - -4). Let n(j) = -j**3 + 11*j**2 - 2*j + 7. Determine n(g).
-15
Let y = 239 - 235. Suppose 0 = 4*p - 5*p - 1, 0 = -4*b + y*p - 20. Let q(d) = d**2 + 7*d + 10. Calculate q(b).
4
Let a(g) = -29 + 4*g**3 - 17*g**2 + 10 - 3*g**3 + g. Let v(n) = 6*n**3 - 36*n**2 + 2*n + 5. Let f be v(6). Calculate a(f).
-2
Let g(h) = -2*h + 218. Let y(a) = -11*a + 874. Let b(d) = 4*g(d) - y(d). Let n = -6 - -12. Calculate b(n).
16
Let r(c) = 2*c**3 + c**2 + c + 7. Let t be (295/(-1180))/((-3)/(-36)). Calculate r(t).
-41
Let n(x) = 2*x**2 - 8*x - 4. Let m(u) = -3*u**2 + 15*u + 7. Let f(r) = -3*m(r) - 5*n(r). Let p = 310 + -341. Let h = p - -27. Determine f(h).
3
Let m(a) be the third derivative of a + 21*a**2 + 0*a**3 + 1/24*a**4 - 1/60*a**5 + 0. Suppose -2*w + 4 = -w. Determine m(w).
-12
Let i = 18614 + -18616. Let k(a) = -7*a**3 - 9*a**2 - a + 3. Calculate k(i).
25
Let u(l) be the first derivative of l**4/24 - 7*l**3/6 - 151*l**2 + 123. Let j(c) be the second derivative of u(c). Determine j(-5).
-12
Let z(v) = v**3 - 11*v**2 - 8*v + 5. Let f(q) = q**2 + q - 1. Let m(l) = -6*f(l) - z(l). Suppose -38 + 80 = -6*y. Let i be 9/(-18) - y/2. Determine m(i).
25
Let c(x) = -200*x + 327. Let a(b) = -217*b + 353. Let w(h) = 12*a(h) - 13*c(h). Suppose i = -3 - 2. Calculate w(i).
5
Let q(u) be the first derivative of -u**4/4 - u**3/3 + 3*u**2 + 4*u - 760. Calculate q(-3).
4
Let v(m) = 6*m**3 + 25*m**2 + 2*m - 6. Let d(x) = 45 + 46 - x**3 - 5*x**2 + 47 - 137. Let j(t) = 11*d(t) + 2*v(t). Calculate j(3).
-7
Suppose -4*o + 4*s - 16 - 32 = 0, -7*o = -5*s + 82. Let d(v) = -4*v + 6. Let f(t) = t + 1. Let n(b) = d(b) + 3*f(b). Calculate n(o).
20
Let c(a) = 5*a**3 - a**2 + 3*a - 1. Let n be 0 - 0*5/30. Let q be -7 - -8 - n/(-2). Give c(q).
6
Let m(r) = -r**2 + 5*r + 10. Let i = 10 + -11. Let c be 3 + 1 + (i - (0 - 3)). Give m(c).
4
Let k(p) be the second derivative of 0 - 1/2*p**4 - 1/20*p**5 - 1/2*p**2 - 31*p + 1/6*p**3. What is k(-6)?
-7
Let t be (-41)/3 + ((-20)/(-24))/(15/30). Let k(z) = -z**2 - 12*z - 9. Determine k(t).
-9
Let r(k) be the first derivative of -k**5/60 - k**4/4 - k**3/3 - 3*k**2 + 9*k + 14. Let q(f) be the second derivative of r(f). Determine q(-7).
-9
Let s(n) be the first derivative of 1/2*n**2 - 2*n - 84. Give s(2).
0
Suppose -5*u = -5*q - 107 - 23, 5*q - u + 130 = 0. Let s(j) = -j**3 - 27*j**2 - 21*j + 135. Determine s(q).
5
Let r(t) = t**2 - 8*t - 11. Let o(d) = d**2 - 9*d - 12. Let j(m) = m**3 - 2*m**2 - 7*m - 1. Let z be j(4). Let g(l) = z*o(l) - 4*r(l). What is g(6)?
2
Suppose -2*k - a - 8 - 52 = 0, -139 = 5*k - 3*a. Let z = 16 + 10. Let f = z + k. Let t(m) = 4*m + 2. Determine t(f).
-10
Let v(a) = 6*a - 57. Let f be v(14). Suppose -2*q - 21 = -f. Let m(t) = -5*t - 7 + t + q*t + 0*t. What is m(-5)?
-2
Let d be 6 + 3*6/(-9). Let k(o) = 21*o**3 + 14*o**2 - o + 2. Let x(n) = 5*n**3 + 4*n**2 + n. Let w(r) = k(r) - 4*x(r). Determine w(d).
14
Let q(l) be the third derivative of -l**6/120 + l**4/24 + 13*l**3/6 + 721*l**2. Suppose -4*g = -3*k - 15, -2*g = 3*k + 5 + 10. Determine q(g).
13
Let v(f) = f**2 - 5*f + 2. Let c be v(5). Let w(k) be the third derivative of -k**4/6 + k**3/3 - 76*k**2. Determine w(c).
-6
Let y(o) be the third derivative of o**8/20160 - o**6/240 - 53*o**5/60 + o**4/24 - 223*o**2. Let m(z) be the third derivative of y(z). What is m(-3)?
6
Let f(u) = -5*u + 16. Let b = -3884 + 3888. Calculate f(b).
-4
Suppose -1564 = 11*x - 266. Let c = x + 117. Let a(g) = 0 - 2 + 1 - 14*g**3. Determine a(c).
13
Let h(b) = -6*b**2 + 3*b - 3. Let j be (-3)/(-2) + 108/8. Suppose -3*v = 0, 0 = 2*u + 5*v + 2 + 2. Let q be u - (-5)/(j/12). Calculate h(q).
-21
Let w(y) = y**3 + 5*y**2 - 2. Suppose g + 5*r - 28 = 0, -3*r + 96 = 4*g - 33. Let v = 37 - g. Suppose 3 = o - v*f, 16 = -2*o - 5*f - 4. Determine w(o).
-2
Let a(b) = -b**3 - 4*b**2 + b. Let d(n) = n**2 - 43*n + 131. Let s be d(39). Let j be 9/((-225)/10) + 115/s. Give a(j).
20
Let j(q) = -15*q**2 + 20*q - 1. Let s(x) = 3*x**2 + 4*x. Let r(g) = -j(g) + 5*s(g). Determine r(1).
31
Let r(z) = -8906 - 4*z + 3*z + 2972 + 2982 + 2974. Give r(15).
7
Let c(i) = 9*i**2 - 24*i + 10 - 34*i - 17*i + 6*i**3 - 5*i**3 + 90*i. Calculate c(-7).
3
Suppose m + 2*s + 0 = 7, 4*m + 3*s - 8 = 0. Let r(t) be the first derivative of 4*t**2 + 2*t - 3770. Determine r(m).
-6
Let y(i) = -2*i**3 + 4*i**2 - 4*i + 3. Suppose 9 + 1049 = -46*z. Let r be z/(-46) + 9/6. What is y(r)?
-5
Let x(g) = -2 - 19*g**2 - 12 + 11*g - 20*g**2 - 14*g**2 + 49*g**2. What is x(6)?
-92
Let a(c) = 2*c. Let q(t) = 3*t. Let w = -302 + 299. Let m(o) = w*q(o) + 5*a(o). Give m(-7).
-7
Let c(b) = 23980*b**2 - 36 + 6 - 23970*b**2 + 45*b - b. Calculate c(-5).
0
Let r be -45*(-4 - (-403)/117). Let f(a) = a - 32. Determine f(r).
-7
Let x be 0/((-4 + 1)/(-3)). Let u(n) = n**2 + 25*n + x - 1 - 29*n. Suppose 4*h + 5*k - 37 = 0, -k = -2*h - 0*k + 1. What is u(h)?
-4
Let d be 29 + -22 - (-2 + 7). Let w(q) be the first derivative of -11*q + 1/3*q**3 + 0*q**d + 8. Determine w(0).
-11
Let s(n) = 70*n. Let m(k) = 503*k - 69. Let i(p) = 2*m(p) - 14*s(p). Determine i(5).
-8
Let t(n) be the second derivative of -n**4/6 + n**3/2 + n**2/2 - 14*n. Let c(y) = 3*y**2 - 101*y - 31. Let g be c(34). Determine t(g).
-8
Let y(q) = q**2 - 6*q + 6*q**2 + 2*q + 3 + 0*q**2 - 6*q**2. Calculate y(4).
3
Let q(x) = -4*x - 12 + 3589*x**2 - 3581*x**2 - x**3 + 11. Determine q(5).
54
Let w be -7 + -1 + 2 - (-6)/3. Let h(z) be the first derivative of 10 + 2/3*z**3 + 2*z**2 - 2*z. Determine h(w).
14
Let c(j) be the second derivative of -j**5/20 + 13*j**4/12 + 3*j**3/2 - 7*j**2/2 + 717*j. What is c(14)?
-77
Let v = 57 - 54. Suppose -d - s = 0, -v*d - 2*s = -3*s - 4. Let i = d + -7. Let q(a) = a**2 + 8*a + 3. Give q(i).
-9
Let m(y) = -3*y**2 - 3*y + 3. Let t be 0/(12/(2 - 5)). Let n be -3 + t + (-19 - -18). Determine m(n).
-33
Let w(j) = -7*j - 715. Let g be w(-103). Let r(x) be the first derivative of 2 + 7/3*x**3 - 3/2*x**2 - g*x - 1/4*x**4. Calculate r(6).
12
Let x(s) = -8*s**3 + 21*s**2 + 29*s - 4. Let y(j) = -3*j**3 + 7*j**2 + 10*j - 1. Suppose -16 - 6 = 2*c. Let w(u) = c*y(u) + 4*x(u). Calculate w(-6).
-5
Let h(f) = 27*f - 115. Let i(w) = 81*w - 341. Let d(n) = 7*h(n) - 2*i(n). Let s be d(5). Let x(v) = -v**2 + 14*v - 14. Determine x(s).
10
Let d = 11918 - 11922. Let o(p) = -3*p**2 + 8*p + 14. Determine o(d).
-66
Let f(i) = -i**3 + 8*i**2 - 2*i - 5. Suppose -31*k = -7*k - 1560. Let n be k/9 - 